{"id":439,"date":"2019-02-12T20:16:25","date_gmt":"2019-02-12T19:16:25","guid":{"rendered":"http:\/\/handewitter-sv.de\/?page_id=439"},"modified":"2023-11-09T14:56:16","modified_gmt":"2023-11-09T13:56:16","slug":"turnen","status":"publish","type":"page","link":"https:\/\/handewitter-sv.de\/?page_id=439","title":{"rendered":"Turnen"},"content":{"rendered":"<p><strong>Turnen<\/strong><\/p>\n<p>&nbsp;<\/p>\n<p>Sportliche Leitung: Margrit Johannsen<\/p>\n<p>Telefon: 04608\/971985<\/p>\n<p>Mail: margrit.johannsen@gmail.com<\/p>\n<p>&nbsp;<\/p>\n<p><strong>Ger\u00e4teturnen<\/strong><\/p>\n<p>Es werden die allgemeinen Grundlagen des Turnens (Boden, Reck, Schwebebalken, Kasten, Pferd und kleines Trampolin) an den Ger\u00e4ten vermittelt.<\/p>\n<p>&nbsp;<\/p>\n<p><strong>Turnen &amp; Spielen ab 3 Jahren<\/strong><\/p>\n<p>Hier klettern, turnen &amp; spielen die Kinder an Bewegungslandschaften und werden an die Grundlagen des Turnens herangef\u00fchrt. Kleine Spiele runden die Stunde ab.<\/p>\n<p>&nbsp;<\/p>\n<p><strong>Eltern-Kind-Turnen &#8211; \u201c Gro\u00dfe H\u00e4nde f\u00fchren kleine H\u00e4nde\u201d<\/strong>, ab ca. 1 Jahr<\/p>\n<p>Hier klettern, turnen und spielen die Kinder gemeinsam mit ihren Eltern\/ Gro\u00dfeltern an vielf\u00e4ltigen Bewegungslandschaften. Es wird auch gesungen, getanzt und kleine Fingerspiele runden die Stunde ab. Wir starten wenn die Kinder laufen k\u00f6nnen.<\/p>\n<p>&nbsp;<\/p>\n<p><strong>Trainingszeiten:<\/strong><\/p>\n<p>&nbsp;<\/p>\n<table>\n<tbody>\n<tr>\n<td width=\"102\"><strong>Wochentag<\/strong><\/td>\n<td width=\"142\"><strong>Uhrzeit<\/strong><\/td>\n<td width=\"189\"><strong>Turngruppe<\/strong><\/td>\n<td width=\"193\"><strong>Ort\/ sportl. Leitung<\/strong><\/td>\n<\/tr>\n<tr>\n<td width=\"102\"><strong>Montag<\/strong><\/td>\n<td width=\"142\">14:30-15:30 Uhr<\/td>\n<td width=\"189\">Ger\u00e4teturnen ab 5 Jahren, Anf\u00e4nger<\/td>\n<td width=\"193\">Kleine Turnhalle\/ Margrit<\/td>\n<\/tr>\n<tr>\n<td width=\"102\"><strong>\u00a0<\/strong><\/td>\n<td width=\"142\">15:30-16:30 Uhr<\/td>\n<td width=\"189\">Turnen &amp; Spielen ab 3 Jahren<\/td>\n<td width=\"193\">Kleine Turnhalle\/ Margrit<\/td>\n<\/tr>\n<tr>\n<td width=\"102\"><strong>\u00a0<\/strong><\/td>\n<td width=\"142\">16:30-17:30 Uhr<\/td>\n<td width=\"189\">Eltern-Kind-Turnen<\/td>\n<td width=\"193\">Kleine Turnhalle\/ Margrit<\/td>\n<\/tr>\n<tr>\n<td width=\"102\"><strong>Dienstag<\/strong><\/td>\n<td width=\"142\">15:00-16:00 Uhr<\/td>\n<td width=\"189\">Turnen &amp; Spielen ab 3 Jahren<\/td>\n<td width=\"193\">Kleine Turnhalle\/ Margrit<\/td>\n<\/tr>\n<tr>\n<td width=\"102\"><strong>\u00a0<\/strong><\/td>\n<td width=\"142\">16:00-17:00 Uhr<\/td>\n<td width=\"189\">Eltern-Kind-Turnen<\/td>\n<td width=\"193\">Kleine Turnhalle\/ Margrit<\/td>\n<\/tr>\n<tr>\n<td width=\"102\"><strong>\u00a0<\/strong><\/td>\n<td width=\"142\">17:00-18:00 Uhr<\/td>\n<td width=\"189\">Turnen &amp; Spielen \u201cWilde Kerle &amp; Starke M\u00e4dchen\u201d ab 5 Jahren<\/td>\n<td width=\"193\">Kleine Turnhalle\/ Margrit<\/td>\n<\/tr>\n<tr>\n<td width=\"102\"><strong>Mittwoch<\/strong><\/td>\n<td width=\"142\">15:30-16:30 Uhr<\/td>\n<td width=\"189\">Turnen &amp; Spielen ab 3 Jahren<\/td>\n<td width=\"193\">Kleine Turnhalle\/ Kathi<\/td>\n<\/tr>\n<tr>\n<td width=\"102\"><strong>\u00a0<\/strong><\/td>\n<td width=\"142\">16:30-17:30 Uhr<\/td>\n<td width=\"189\">Eltern-Kind-Turnen<\/td>\n<td width=\"193\">Kleine Turnhalle\/ Kathi<\/td>\n<\/tr>\n<tr>\n<td width=\"102\"><strong>Donnerstag<\/strong><\/td>\n<td width=\"142\">15:00-16:00 Uhr<\/td>\n<td width=\"189\">Ger\u00e4teturnen Fortgeschrittene I<\/td>\n<td width=\"193\">Wiking I\/ Margrit &amp; Evelyn<\/td>\n<\/tr>\n<tr>\n<td width=\"102\"><\/td>\n<td width=\"142\">15:30-17:00 Uhr<\/td>\n<td width=\"189\">Ger\u00e4teturnen Fortgeschrittene II<\/td>\n<td width=\"193\">Wiking I\/ Margrit &amp; Evelyn<\/td>\n<\/tr>\n<\/tbody>\n<\/table>\n<p>&nbsp;<\/p>\n","protected":false},"excerpt":{"rendered":"<p>Turnen &nbsp; Sportliche Leitung: Margrit Johannsen Telefon: 04608\/971985 Mail: margrit.johannsen@gmail.com &nbsp; Ger\u00e4teturnen Es werden die allgemeinen Grundlagen des Turnens (Boden, Reck, Schwebebalken, Kasten, Pferd und kleines Trampolin) an den Ger\u00e4ten vermittelt. &nbsp; Turnen &amp; Spielen ab 3 Jahren Hier klettern, turnen &amp; spielen die Kinder an Bewegungslandschaften und werden an die Grundlagen des Turnens herangef\u00fchrt.&hellip; <br \/> <a class=\"read-more\" href=\"https:\/\/handewitter-sv.de\/?page_id=439\">Read more<\/a><\/p>\n","protected":false},"author":1,"featured_media":0,"parent":0,"menu_order":0,"comment_status":"closed","ping_status":"closed","template":"","meta":{"footnotes":""},"class_list":["post-439","page","type-page","status-publish","hentry"],"_links":{"self":[{"href":"https:\/\/handewitter-sv.de\/index.php?rest_route=\/wp\/v2\/pages\/439","targetHints":{"allow":["GET"]}}],"collection":[{"href":"https:\/\/handewitter-sv.de\/index.php?rest_route=\/wp\/v2\/pages"}],"about":[{"href":"https:\/\/handewitter-sv.de\/index.php?rest_route=\/wp\/v2\/types\/page"}],"author":[{"embeddable":true,"href":"https:\/\/handewitter-sv.de\/index.php?rest_route=\/wp\/v2\/users\/1"}],"replies":[{"embeddable":true,"href":"https:\/\/handewitter-sv.de\/index.php?rest_route=%2Fwp%2Fv2%2Fcomments&post=439"}],"version-history":[{"count":25,"href":"https:\/\/handewitter-sv.de\/index.php?rest_route=\/wp\/v2\/pages\/439\/revisions"}],"predecessor-version":[{"id":1215,"href":"https:\/\/handewitter-sv.de\/index.php?rest_route=\/wp\/v2\/pages\/439\/revisions\/1215"}],"wp:attachment":[{"href":"https:\/\/handewitter-sv.de\/index.php?rest_route=%2Fwp%2Fv2%2Fmedia&parent=439"}],"curies":[{"name":"wp","href":"https:\/\/api.w.org\/{rel}","templated":true}]}}