{"id":452,"date":"2019-02-12T20:22:27","date_gmt":"2019-02-12T19:22:27","guid":{"rendered":"http:\/\/handewitter-sv.de\/?page_id=452"},"modified":"2019-03-28T20:14:39","modified_gmt":"2019-03-28T19:14:39","slug":"rehasport","status":"publish","type":"page","link":"https:\/\/handewitter-sv.de\/?page_id=452","title":{"rendered":"Rehasport \u2665"},"content":{"rendered":"<p><strong>Herzsport (Koronarsport)<\/strong><\/p>\n<p>&nbsp;<\/p>\n<p>Sportliche Leitung: Dietmar Rohn<\/p>\n<p>Telefon: 04631\/7587<\/p>\n<p>Mail: dietmarrohn@gmx.de<\/p>\n<p>&nbsp;<\/p>\n<p>Die besondere rehabilitative Wirkung von Herzsportgruppen wird allgemein anerkannt. Innerhalb der Rehabilitationskette sind Herzsportgruppen in der Phase III (nach WHO) ein fester Bestandteil. Die Teilnahme an einer Herzsportgruppe bedeutet f\u00fcr die von einer Herz-Kreislauferkrankung Betroffenen u.a. bessere Krankheitsbew\u00e4ltigung und Ent\u00e4ngstigung, Gew\u00e4hrleistung des erforderlichen mitmenschlichen R\u00fcckhaltes (Social Support), Hilfe zu nachhaltigen Lebensstil\u00e4nderungen, kardiale Stabilisierung bzw. positive Einflussnahme auf die Progredienz der koronaren Herzkrankheit, Steigerung der allgemeinen k\u00f6rperlichen und psychischen Belastbarkeit.<\/p>\n<p>Information: <a href=\"http:\/\/handewitter-sv.de\/wp-content\/uploads\/2019\/02\/Info-Nachfolgegruppe-Herzsport.pdf\">Nachfolgegruppe Herzsport<\/a><\/p>\n<p>&nbsp;<\/p>\n<p><strong><span style=\"font-size: 12pt;\">Trainingszeiten:<\/span><\/strong><\/p>\n<p>&nbsp;<\/p>\n<table>\n<tbody>\n<tr>\n<td style=\"width: 236px; text-align: left;\"><strong>Wochentag<\/strong><\/td>\n<td style=\"width: 252px; text-align: left;\"><strong>Uhrzeit<\/strong><\/td>\n<td style=\"width: 269px;\"><strong>Gruppe<\/strong><\/td>\n<td style=\"width: 301px;\"><strong>Ort\/ sportl. Leitung<\/strong><\/td>\n<\/tr>\n<tr>\n<td style=\"width: 236px;\"><strong>Donnerstag<\/strong><\/td>\n<td style=\"width: 252px;\">17:00 &#8211; 18:30 Uhr<\/td>\n<td style=\"width: 269px;\">Nachsorgegruppe<\/td>\n<td style=\"width: 301px;\">Kleine Halle\/ Dietmar<\/td>\n<\/tr>\n<tr>\n<td style=\"width: 236px;\"><strong>Donnerstag<\/strong><\/td>\n<td style=\"width: 252px;\">18:30 &#8211; 20:00 Uhr<\/td>\n<td style=\"width: 269px;\">Akutgruppe<\/td>\n<td style=\"width: 301px;\">Kleine Halle\/ Dietmar<\/td>\n<\/tr>\n<\/tbody>\n<\/table>\n<p>&nbsp;<\/p>\n<p>&nbsp;<\/p>\n<div id=\"attachment_455\" style=\"width: 1450px\" class=\"wp-caption aligncenter\"><img loading=\"lazy\" decoding=\"async\" aria-describedby=\"caption-attachment-455\" class=\"wp-image-455 size-mesmerize-full-hd\" src=\"http:\/\/handewitter-sv.de\/wp-content\/uploads\/2019\/02\/Gruppenbild-Koronarsport-1440x1080.jpg\" alt=\"\" width=\"1440\" height=\"1080\" srcset=\"https:\/\/handewitter-sv.de\/wp-content\/uploads\/2019\/02\/Gruppenbild-Koronarsport-1440x1080.jpg 1440w, https:\/\/handewitter-sv.de\/wp-content\/uploads\/2019\/02\/Gruppenbild-Koronarsport-300x225.jpg 300w, https:\/\/handewitter-sv.de\/wp-content\/uploads\/2019\/02\/Gruppenbild-Koronarsport-768x576.jpg 768w, https:\/\/handewitter-sv.de\/wp-content\/uploads\/2019\/02\/Gruppenbild-Koronarsport-1024x768.jpg 1024w\" sizes=\"auto, (max-width: 1440px) 100vw, 1440px\" \/><p id=\"caption-attachment-455\" class=\"wp-caption-text\">Herzsportgruppe des Handewitter SV<\/p><\/div>\n","protected":false},"excerpt":{"rendered":"<p>Herzsport (Koronarsport) &nbsp; Sportliche Leitung: Dietmar Rohn Telefon: 04631\/7587 Mail: dietmarrohn@gmx.de &nbsp; Die besondere rehabilitative Wirkung von Herzsportgruppen wird allgemein anerkannt. Innerhalb der Rehabilitationskette sind Herzsportgruppen in der Phase III (nach WHO) ein fester Bestandteil. Die Teilnahme an einer Herzsportgruppe bedeutet f\u00fcr die von einer Herz-Kreislauferkrankung Betroffenen u.a. bessere Krankheitsbew\u00e4ltigung und Ent\u00e4ngstigung, Gew\u00e4hrleistung des erforderlichen&hellip; <br \/> <a class=\"read-more\" href=\"https:\/\/handewitter-sv.de\/?page_id=452\">Read more<\/a><\/p>\n","protected":false},"author":1,"featured_media":0,"parent":0,"menu_order":0,"comment_status":"closed","ping_status":"closed","template":"","meta":{"footnotes":""},"class_list":["post-452","page","type-page","status-publish","hentry"],"_links":{"self":[{"href":"https:\/\/handewitter-sv.de\/index.php?rest_route=\/wp\/v2\/pages\/452","targetHints":{"allow":["GET"]}}],"collection":[{"href":"https:\/\/handewitter-sv.de\/index.php?rest_route=\/wp\/v2\/pages"}],"about":[{"href":"https:\/\/handewitter-sv.de\/index.php?rest_route=\/wp\/v2\/types\/page"}],"author":[{"embeddable":true,"href":"https:\/\/handewitter-sv.de\/index.php?rest_route=\/wp\/v2\/users\/1"}],"replies":[{"embeddable":true,"href":"https:\/\/handewitter-sv.de\/index.php?rest_route=%2Fwp%2Fv2%2Fcomments&post=452"}],"version-history":[{"count":15,"href":"https:\/\/handewitter-sv.de\/index.php?rest_route=\/wp\/v2\/pages\/452\/revisions"}],"predecessor-version":[{"id":761,"href":"https:\/\/handewitter-sv.de\/index.php?rest_route=\/wp\/v2\/pages\/452\/revisions\/761"}],"wp:attachment":[{"href":"https:\/\/handewitter-sv.de\/index.php?rest_route=%2Fwp%2Fv2%2Fmedia&parent=452"}],"curies":[{"name":"wp","href":"https:\/\/api.w.org\/{rel}","templated":true}]}}